?
4
What is the tens digit of 1694?
9
What is the units digit of 2551?
1
What is the thousands digit of 2397?
2
What is the units digit of 14485?
5
What is the units digit of 98289?
9
What is the units digit of 1957?
7
What is the tens digit of 76?
7
What is the thousands digit of 6352?
6
What is the ten thousands digit of 57385?
5
What is the thousands digit of 7698?
7
What is the units digit of 1493?
3
What is the tens digit of 2491?
9
What is the ten thousands digit of 17898?
1
What is the thousands digit of 85388?
5
What is the thousands digit of 1611?
1
What is the hundreds digit of 2906?
9
What is the hundreds digit of 3581?
5
What is the units digit of 1082?
2
What is the thousands digit of 24823?
4
What is the tens digit of 23152?
5
What is the thousands digit of 136001?
6
What is the units digit of 99113?
3
What is the tens digit of 1606?
0
What is the tens digit of 3292?
9
What is the thousands digit of 15353?
5
What is the hundreds digit of 4964?
9
What is the units digit of 1645?
5
What is the tens digit of 2198?
9
What is the hundreds digit of 201?
2
What is the hundreds digit of 2952?
9
What is the units digit of 1182?
2
What is the hundreds digit of 572?
5
What is the units digit of 3402?
2
What is the units digit of 5302?
2
What is the tens digit of 629?
2
What is the units digit of 1933?
3
What is the thousands digit of 1758?
1
What is the thousands digit of 3613?
3
What is the units digit of 634?
4
What is the tens digit of 111717?
1
What is the ten thousands digit of 22384?
2
What is the tens digit of 6239?
3
What is the thousands digit of 5196?
5
What is the hundreds digit of 1108?
1
What is the hundreds digit of 16292?
2
What is the units digit of 7691?
1
What is the thousands digit of 5870?
5
What is the tens digit of 8986?
8
What is the ten thousands digit of 32463?
3
What is the tens digit of 581?
8
What is the ten thousands digit of 17181?
1
What is the hundreds digit of 3491?
4
What is the thousands digit of 12149?
2
What is the hundreds digit of 879?
8
What is the hundreds digit of 19741?
7
What is the hundreds digit of 4286?
2
What is the tens digit of 77503?
0
What is the hundreds digit of 1068?
0
What is the units digit of 521?
1
What is the ten thousands digit of 57132?
5
What is the tens digit of 1025?
2
What is the thousands digit of 1796?
1
What is the hundreds digit of 14238?
2
What is the tens digit of 1569?
6
What is the tens digit of 1412?
1
What is the tens digit of 8570?
7
What is the tens digit of 19062?
6
What is the hundreds digit of 32115?
1
What is the units digit of 623?
3
What is the units digit of 1625?
5
What is the units digit of 40577?
7
What is the units digit of 5021?
1
What is the hundreds digit of 3893?
8
What is the hundreds digit of 1165?
1
What is the units digit of 753?
3
What is the units digit of 459?
9
What is the hundreds digit of 2121?
1
What is the hundreds digit of 8373?
3
What is the tens digit of 8520?
2
What is the hundreds digit of 855?
8
What is the units digit of 96?
6
What is the units digit of 5552?
2
What is the hundreds digit of 3207?
2
What is the tens digit of 3984?
8
What is the hundreds digit of 2945?
9
What is the hundreds digit of 483?
4
What is the ten thousands digit of 27545?
2
What is the hundreds digit of 65494?
4
What is the units digit of 5258?
8
What is the hundreds digit of 1604?
6
What is the tens digit of 1238?
3
What is the tens digit of 726?
2
What is the thousands digit of 2888?
2
What is the units digit of 79902?
2
What is the ten thousands digit of 10396?
1
What is the hundreds digit of 1532?
5
What is the thousands digit of 12670?
2
What is the thousands digit of 4454?
4
What is the hundreds digit of 2912?
9
What is the tens digit of 4027?
2
What is the tens digit of 416?
1
What is the hundreds digit of 480?
4
What is the units digit of 1219?
9
What is the tens digit of 5897?
9
What is the units digit of 35097?
7
What is the units digit of 99707?
7
What is the thousands digit of 6644?
6
What is the tens digit of 2222?
2
What is the hundreds digit of 44563?
5
What is the tens digit of 1272?
7
What is the hundreds digit of 8852?
8
What is the thousands digit of 51077?
1
What is the tens digit of 177258?
5
What is the units digit of 91079?
9
What is the thousands digit of 1726?
1
What is the hundreds digit of 1091?
0
What is the units digit of 8677?
7
What is the thousands digit of 6532?
6
What is the units digit of 1406?
6
What is the units digit of 5701?
1
What is the tens digit of 1361?
6
What is the thousands digit of 18670?
8
What is the ten thousands digit of 120247?
2
What is the tens digit of 2383?
8
What is the tens digit of 4611?
1
What is the hundreds digit of 2528?
5
What is the tens digit of 3142?
4
What is the ten thousands digit of 51593?
5
What is the tens digit of 7994?
9
What is the thousands digit of 34641?
4
What is the tens digit of 580?
8
What is the tens digit of 1464?
6
What is the tens digit of 78451?
5
What is the hundreds digit of 1289?
2
What is the tens digit of 1600?
0
What is the ten thousands digit of 25939?
2
What is the units digit of 986?
6
What is the thousands digit of 1342?
1
What is the ten thousands digit of 90758?
9
What is the units digit of 20024?
4
What is the hundreds digit of 38965?
9
What is the thousands digit of 2372?
2
What is the units digit of 577?
7
What is the units digit of 2147?
7
What is the units digit of 6944?
4
What is the tens digit of 4466?
6
What is the tens digit of 9704?
0
What is the units digit of 4218?
8
What is the tens digit of 5283?
8
What is the hundreds digit of 2029?
0
What is the hundreds digit of 927?
9
What is the thousands digit of 1390?
1
What is the tens digit of 4631?
3
What is the hundreds digit of 4326?
3
What is the units digit of 2625?
5
What is the tens digit of 3101?
0
What is the thousands digit of 84837?
4
What is the thousands digit of 6158?
6
What is the units digit of 29893?
3
What is the thousands digit of 17592?
7
What is the thousands digit of 1289?
1
What is the thousands digit of 2878?
2
What is the units digit of 1248?
8
What is the ten thousands digit of 25034?
2
What is the tens digit of 300?
0
What is the thousands digit of 25927?
5
What is the units digit of 64?
4
What is the hundreds digit of 5062?
0
What is the thousands digit of 2350?
2
What is the tens digit of 45544?
4
What is the tens digit of 3739?
3
What is the tens digit of 4007?
0
What is the thousands digit of 11227?
1
What is the hundreds digit of 10710?
7
What is the hundreds digit of 394?
3
What is the units digit of 7631?
1
What is the hundreds digit of 326?
3
What is the units digit of 22?
2
What is the hundreds digit of 2399?
3
What is the ten thousands digit of 24444?
2
What is the hundreds digit of 3336?
3
What is the units digit of 60159?
9
What is the tens digit of 70?
7
What is the ten thousands digit of 116815?
1
What is the hundreds digit of 407?
4
What is the thousands digit of 8139?
8
What is the tens digit of 5092?
9
What is the thousands digit of 5812?
5
What is the thousands digit of 5221?
5
What is the hundreds digit of 58641?
6
What is the thousands digit of 27072?
7
What is the hundreds digit of 62320?
3
What is the units digit of 2879?
9
What is the hundreds digit of 39134?
1
What is the tens digit of 3784?
8
What is the tens digit of 16875?
7
What is the tens digit of 21186?
8
What is the hundreds digit of 73954?
9
What is the thousands digit of 11550?
1
What is the ten thousands digit of 31751?
3
What is the tens digit of 1827?
2
What is the units digit of 7159?
9
What is the hundreds digit of 41033?
0
What is the ten thousands digit of 30316?
3
What is the tens digit of 1010?
1
What is the thousands digit of 14712?
4
What is the units digit of 1174?
4
What is the tens digit of 3284?
8
What is the thousands digit of 61117?
1
What is the hundreds digit of 134917?
9
What is the thousands digit of 24127?
4
What is the ten thousands digit of 146751?
4
What is the units digit of 25153?
3
What is the ten thousands digit of 38035?
3
What is the units digit of 3194?
4
What is the tens digit of 4636?
3
What is the units digit of 87519?
9
What is the hundreds digit of 19408?
4
What is the ten thousands digit of 155772?
5
What is the thousands digit of 7680?
7
What is th